{"id":18,"date":"2018-07-03T11:57:56","date_gmt":"2018-07-03T09:57:56","guid":{"rendered":"http:\/\/www.collectifdubancjaune.fr\/biv\/?page_id=18"},"modified":"2018-07-12T22:58:05","modified_gmt":"2018-07-12T20:58:05","slug":"le-collectif-du-banc-jaune","status":"publish","type":"page","link":"http:\/\/www.collectifdubancjaune.fr\/biv\/le-collectif-du-banc-jaune\/","title":{"rendered":"Le Collectif du Banc jaune"},"content":{"rendered":"<p><img loading=\"lazy\" class=\" wp-image-358 aligncenter\" src=\"http:\/\/www.collectifdubancjaune.fr\/biv\/wp-content\/uploads\/2018\/07\/mineuses-e1531428798136-300x146.jpg\" alt=\"\" width=\"383\" height=\"187\" srcset=\"http:\/\/www.collectifdubancjaune.fr\/biv\/wp-content\/uploads\/2018\/07\/mineuses-e1531428798136-300x146.jpg 300w, http:\/\/www.collectifdubancjaune.fr\/biv\/wp-content\/uploads\/2018\/07\/mineuses-e1531428798136-768x374.jpg 768w, http:\/\/www.collectifdubancjaune.fr\/biv\/wp-content\/uploads\/2018\/07\/mineuses-e1531428798136-1024x499.jpg 1024w, http:\/\/www.collectifdubancjaune.fr\/biv\/wp-content\/uploads\/2018\/07\/mineuses-e1531428798136-850x414.jpg 850w, http:\/\/www.collectifdubancjaune.fr\/biv\/wp-content\/uploads\/2018\/07\/mineuses-e1531428798136.jpg 1333w\" sizes=\"(max-width: 383px) 100vw, 383px\" \/><\/p>\n<p>&nbsp;<\/p>\n<p style=\"text-align: center;\">La BIV fait partie de cet effervescent Collectif, dont elle partage les objectifs et la ligne artistique :<\/p>\n<p style=\"text-align: center;\">Il produit des projets artistiques qui mettent \u00e0 l\u2019honneur les cultures musicales de tradition orale.<br \/>\nOrganise des \u00e9v\u00e9nements participatifs : festivals de jardin, soir\u00e9es partag\u00e9es\u2026<br \/>\nMusique, chant, danse, cin\u00e9ma, radio\u2026 Le CBJ aime la transdisciplinarit\u00e9 !<\/p>\n<p>&nbsp;<\/p>\n<h2 style=\"text-align: center;\"><span style=\"color: #0000ff;\"><a style=\"color: #0000ff;\" href=\"http:\/\/www.collectifdubancjaune.fr\" target=\"_blank\" rel=\"noopener\">www.collectifdubancjaune.fr<\/a><\/span><\/h2>\n<p>&nbsp;<\/p>\n<h3 style=\"text-align: center;\"><a href=\"http:\/\/www.collectifdubancjaune.fr\/biv\/wp-content\/uploads\/2018\/07\/CBJ_CATALOGUE2018_WEB-min.pdf\">D\u00e9couvrez tous les spectacles du CBJ !<\/a><\/h3>\n<p>&nbsp;<\/p>\n<p style=\"text-align: left;\"><span style=\"color: #339966;\"><em>\u00a9 photo en t\u00eate de page :\u00a0<a href=\"http:\/\/laetitialopez.com\">http:\/\/laetitialopez.com<\/a><\/em><\/span><\/p>\n","protected":false},"excerpt":{"rendered":"<p>&nbsp; La BIV fait partie de cet effervescent Collectif, dont elle partage les objectifs et la ligne artistique : Il produit des projets artistiques qui mettent \u00e0 l\u2019honneur les cultures musicales de tradition orale. Organise des \u00e9v\u00e9nements participatifs : festivals de jardin, soir\u00e9es partag\u00e9es\u2026 Musique, chant, danse, cin\u00e9ma, radio\u2026 Le CBJ aime la transdisciplinarit\u00e9 !&#8230;<\/p>\n","protected":false},"author":1,"featured_media":0,"parent":0,"menu_order":0,"comment_status":"closed","ping_status":"closed","template":"","meta":[],"_links":{"self":[{"href":"http:\/\/www.collectifdubancjaune.fr\/biv\/wp-json\/wp\/v2\/pages\/18"}],"collection":[{"href":"http:\/\/www.collectifdubancjaune.fr\/biv\/wp-json\/wp\/v2\/pages"}],"about":[{"href":"http:\/\/www.collectifdubancjaune.fr\/biv\/wp-json\/wp\/v2\/types\/page"}],"author":[{"embeddable":true,"href":"http:\/\/www.collectifdubancjaune.fr\/biv\/wp-json\/wp\/v2\/users\/1"}],"replies":[{"embeddable":true,"href":"http:\/\/www.collectifdubancjaune.fr\/biv\/wp-json\/wp\/v2\/comments?post=18"}],"version-history":[{"count":17,"href":"http:\/\/www.collectifdubancjaune.fr\/biv\/wp-json\/wp\/v2\/pages\/18\/revisions"}],"predecessor-version":[{"id":359,"href":"http:\/\/www.collectifdubancjaune.fr\/biv\/wp-json\/wp\/v2\/pages\/18\/revisions\/359"}],"wp:attachment":[{"href":"http:\/\/www.collectifdubancjaune.fr\/biv\/wp-json\/wp\/v2\/media?parent=18"}],"curies":[{"name":"wp","href":"https:\/\/api.w.org\/{rel}","templated":true}]}}

<p><img loading="lazy" class=" wp-image-358 aligncenter" src="http://www.collectifdubancjaune.fr/biv/wp-content/uploads/2018/07/mineuses-e1531428798136-300x146.jpg" alt="" width="383" height="187" srcset="http://www.collectifdubancjaune.fr/biv/wp-content/uploads/2018/07/mineuses-e1531428798136-300x146.jpg 300w, http://www.collectifdubancjaune.fr/biv/wp-content/uploads/2018/07/mineuses-e1531428798136-768x374.jpg 768w, http://www.collectifdubancjaune.fr/biv/wp-content/uploads/2018/07/mineuses-e1531428798136-1024x499.jpg 1024w, http://www.collectifdubancjaune.fr/biv/wp-content/uploads/2018/07/mineuses-e1531428798136-850x414.jpg 850w, http://www.collectifdubancjaune.fr/biv/wp-content/uploads/2018/07/mineuses-e1531428798136.jpg 1333w" sizes="(max-width: 383px) 100vw, 383px" /></p>
<p>&nbsp;</p>
<p style="text-align: center;">La BIV fait partie de cet effervescent Collectif, dont elle partage les objectifs et la ligne artistique :</p>
<p style="text-align: center;">Il produit des projets artistiques qui mettent à l’honneur les cultures musicales de tradition orale.<br />
Organise des événements participatifs : festivals de jardin, soirées partagées…<br />
Musique, chant, danse, cinéma, radio… Le CBJ aime la transdisciplinarité !</p>
<p>&nbsp;</p>
<h2 style="text-align: center;"><span style="color: #0000ff;"><a style="color: #0000ff;" href="http://www.collectifdubancjaune.fr" target="_blank" rel="noopener">www.collectifdubancjaune.fr</a></span></h2>
<p>&nbsp;</p>
<h3 style="text-align: center;"><a href="http://www.collectifdubancjaune.fr/biv/wp-content/uploads/2018/07/CBJ_CATALOGUE2018_WEB-min.pdf">Découvrez tous les spectacles du CBJ !</a></h3>
<p>&nbsp;</p>
<p style="text-align: left;"><span style="color: #339966;"><em>© photo en tête de page : <a href="http://laetitialopez.com">http://laetitialopez.com</a></em></span></p>

<p>&nbsp; La BIV fait partie de cet effervescent Collectif, dont elle partage les objectifs et la ligne artistique : Il produit des projets artistiques qui mettent à l’honneur les cultures musicales de tradition orale. Organise des événements participatifs : festivals de jardin, soirées partagées… Musique, chant, danse, cinéma, radio… Le CBJ aime la transdisciplinarité !&#8230;</p>
